{"id":124,"date":"2021-02-18T19:24:27","date_gmt":"2021-02-18T18:24:27","guid":{"rendered":"https:\/\/orientamento.dbcf.unisi.it\/?page_id=124"},"modified":"2021-05-07T10:06:33","modified_gmt":"2021-05-07T09:06:33","slug":"scienze-chimiche","status":"publish","type":"page","link":"https:\/\/orientamento.dbcf.unisi.it\/index.php\/offerta-formativa\/scienze-chimiche\/","title":{"rendered":"Scienze Chimiche"},"content":{"rendered":"\n<div class=\"wp-block-cover alignfull has-background-dim-40 has-white-background-color has-background-dim has-parallax tw-mb-0 tw-mt-0\" style=\"background-image:url(https:\/\/orientamento.dbcf.unisi.it\/wp-content\/uploads\/2021\/03\/matracci.png);min-height:100vh;aspect-ratio:unset;\"><div class=\"wp-block-cover__inner-container is-layout-flow wp-block-cover-is-layout-flow\">\n<p><strong>Corso di Laurea di primo livello<\/strong><\/p>\n\n\n\n<p>Durata: <strong>3 anni<\/strong><\/p>\n\n\n\n<p>Il corso di laurea in Scienze chimiche forma figure professionali di eccellenza che mostrano piena capacit\u00e0 di autonomia e flessibilit\u00e0 nel mondo del lavoro.<br>Il laureato possiede una solida <strong>formazione di base nei diversi settori della chimica<\/strong>: inorganica, organica, fisica, analitica e biologica. Tale formazione gli consente sia una brillante prosecuzione degli studi in lauree di II livello sia l&#8217;inserimento in attivit\u00e0 lavorative che richiedano conoscenze di metodologie innovative e padronanza sull&#8217;uso di strumentazioni complesse.<br>Il laureato possiede una professionalit\u00e0 tale da lavorare sia in industrie del settore che nei laboratori pubblici o privati occupandosi delle attivit\u00e0 connesse con il settore ambientale, biologico, farmaceutico e con il controllo di qualit\u00e0.<\/p>\n\n\n\n<div class=\"wp-block-columns is-layout-flex wp-container-core-columns-is-layout-d0b3c9c8 wp-block-columns-is-layout-flex\">\n<div class=\"wp-block-column is-layout-flow wp-block-column-is-layout-flow\" style=\"--col-width:33.33%;flex-basis:33.33%\">\n<div class=\"wp-block-group is-style-default has-text-color has-background\" style=\"background-color:#ffd000;color:#0009ff\"><div class=\"wp-block-group__inner-container is-layout-flow wp-block-group-is-layout-flow\">\n<p><strong>Link utili:<\/strong><\/p>\n\n\n\n<ul class=\"wp-block-list\"><li><a rel=\"noreferrer noopener\" href=\"https:\/\/scienze-chimiche.unisi.it\/it\" target=\"_blank\">Sito ufficiale del corso<\/a><\/li><li><a rel=\"noreferrer noopener\" href=\"https:\/\/orientarsi.unisi.it\/studio\/triennali\/corso\/scienze-chimiche\" target=\"_blank\">Scienze Chimiche  su OrientarSI<\/a><\/li><li><a href=\"https:\/\/scienze-chimiche.unisi.it\/it\/iscriversi\/test-accesso\" target=\"_blank\" rel=\"noreferrer noopener\">Test di ammissione &#8211; Tolc-S<\/a><\/li><\/ul>\n<\/div><\/div>\n<\/div>\n\n\n\n<div class=\"wp-block-column is-layout-flow wp-block-column-is-layout-flow\" style=\"--col-width:66.66%;flex-basis:66.66%\">\n<figure class=\"wp-block-embed is-type-video is-provider-youtube wp-block-embed-youtube wp-embed-aspect-16-9 wp-has-aspect-ratio\"><div class=\"wp-block-embed__wrapper\">\n<iframe loading=\"lazy\" title=\"Presentazione corsi Scienze Chimiche e Chemistry\" width=\"750\" height=\"422\" src=\"https:\/\/www.youtube.com\/embed\/s6pQ299CcHU?feature=oembed\" frameborder=\"0\" allow=\"accelerometer; autoplay; clipboard-write; encrypted-media; gyroscope; picture-in-picture\" allowfullscreen><\/iframe>\n<\/div><figcaption>Video Presentazione dei Corsi di Scienze Chimiche ed il Master in Chemistry tenuti presso il Dipartimento di Biotecnologie, Chimica e Farmacia dell&#8217;Universit\u00e0 degli Studi di Siena.<\/figcaption><\/figure>\n<\/div>\n<\/div>\n<\/div><\/div>\n","protected":false},"excerpt":{"rendered":"","protected":false},"author":1,"featured_media":0,"parent":88,"menu_order":1,"comment_status":"closed","ping_status":"closed","template":"","meta":{"footnotes":""},"class_list":["post-124","page","type-page","status-publish","hentry","entry"],"jetpack_sharing_enabled":true,"_links":{"self":[{"href":"https:\/\/orientamento.dbcf.unisi.it\/index.php\/wp-json\/wp\/v2\/pages\/124","targetHints":{"allow":["GET"]}}],"collection":[{"href":"https:\/\/orientamento.dbcf.unisi.it\/index.php\/wp-json\/wp\/v2\/pages"}],"about":[{"href":"https:\/\/orientamento.dbcf.unisi.it\/index.php\/wp-json\/wp\/v2\/types\/page"}],"author":[{"embeddable":true,"href":"https:\/\/orientamento.dbcf.unisi.it\/index.php\/wp-json\/wp\/v2\/users\/1"}],"replies":[{"embeddable":true,"href":"https:\/\/orientamento.dbcf.unisi.it\/index.php\/wp-json\/wp\/v2\/comments?post=124"}],"version-history":[{"count":10,"href":"https:\/\/orientamento.dbcf.unisi.it\/index.php\/wp-json\/wp\/v2\/pages\/124\/revisions"}],"predecessor-version":[{"id":597,"href":"https:\/\/orientamento.dbcf.unisi.it\/index.php\/wp-json\/wp\/v2\/pages\/124\/revisions\/597"}],"up":[{"embeddable":true,"href":"https:\/\/orientamento.dbcf.unisi.it\/index.php\/wp-json\/wp\/v2\/pages\/88"}],"wp:attachment":[{"href":"https:\/\/orientamento.dbcf.unisi.it\/index.php\/wp-json\/wp\/v2\/media?parent=124"}],"curies":[{"name":"wp","href":"https:\/\/api.w.org\/{rel}","templated":true}]}}